e 113 + -242 + -2 + 26 - -30.
-75
What is the value of (-4 - -39) + 1216 + -1291?
-40
Evaluate 16 - (0 - (-69 - (-14 + 14))) - -3.
-50
What is the value of -10 + -3 - ((-26 - -1) + (-610 - -634))?
-12
What is (-14 - -15 - -18) + -13 - 55?
-49
What is the value of 2 + (-5 - 2) + -167 + 177 - -15?
20
What is the value of (30 - (-65 + 72)) + -122 + -3?
-102
What is the value of 40 - (44 - 37) - 78?
-45
(-24 - -38) + 1 + -2 + -358 + 324
-21
(-14 - 10 - -14) + (4 - (21 - (-5 + 5)))
-27
Calculate (-6 - 0 - (-243 - -269)) + -1.
-33
Evaluate (-2 + 0 - (-50 + 2)) + -90 + 39 + 40.
35
Calculate (16 + -3 - (-136 + 162)) + 56.
43
Calculate 154 + -1 + 50 + (-61 - -29 - 40).
131
What is 171 - (78 + 95 + -105)?
103
What is -10 + 0 - (-9 + (10 - 21 - -4))?
6
What is -30 + (46 - (-127 + 28))?
115
What is the value of -3 + 3 + 5 - -1 - (124 - 103 - 97)?
82
What is 1 - 13 - ((3 - 22) + (11 - 58))?
54
What is 22 - (-120 + 192 - 72 - (-1 - 22))?
-1
9 - 76 - 19 - -48
-38
What is the value of 6 + -42 + (-7 - (8 + -18))?
-33
Calculate -33 + (48 - 5) + -33 - (-1 - 0).
-22
What is the value of 0 + 11 - 18 - (-49 + (2 - 0))?
40
-43 - (49 + -22 + 5)
-75
Calculate 58 - (24 - -18) - (-4 + 3 + -8).
25
Evaluate -10 + 6 + -5 - (4 + 24 - -24).
-61
Evaluate (-32 - ((-10 - -10) + 2)) + (-3 - -15).
-22
What is the value of -26 - 20 - -35 - (-3 + 2 + 2 + 59)?
-71
Calculate -140 + 137 - (-38 + -4).
39
Calculate -11 - ((-2 - 1 - -17) + -2 + 8 + -107).
76
-364 - -385 - (63 + -55 + -132 + 1)
144
What is -3 - ((-41 - -51) + -18)?
5
Calculate 77 - (1 + 8 + -10 + (14 - (9 + 11))).
84
Calculate -74 - -88 - ((-2 - -4) + (3 - -2)).
7
Calculate (1 - 102) + -2 + -360 + 373 + (1 - 11).
-100
What is 0 + 11 + 200 + -211 - -37 - -4?
41
Evaluate -7 - (23 + -25) - (6 - 50).
39
Evaluate 23 - (14 + 65) - -170 - (-4 + 0).
118
What is the value of (3779 - 3773) + (74 - -1)?
81
What is 1731 - 1724 - ((-31 - 0) + 1 + 2)?
35
What is the value of -3215 - -3167 - (0 - 110)?
62
Calculate (4 - -7 - 7 - 2 - 38) + 2.
-34
What is the value of (31 - 130) + 147 - 72?
-24
Evaluate (63 - 250) + (134 - 5).
-58
What is the value of 6 - -1 - (7 - 1) - -23 - -2?
26
Calculate 12 - (10 - ((-27 - -19) + 13)).
7
What is 49 + -1 + (-9556 - -9522)?
14
What is the value of -19 - (9 + -4) - (-35 + 7)?
4
Evaluate (118 - -36) + -10 + -67.
77
Calculate (-124 - -167) + -196 + 73.
-80
Evaluate 3 + -8 + 96 + 137 + -213.
15
What is the value of (-33 - -42) + -2 + -30 + 16?
-7
What is -90 - (-18 + -57 + -58)?
43
(-13 + 11 - 6 - (2 - 6)) + -43
-47
What is the value of 63 + -15 + 106 + -87?
67
Evaluate -13 - -4 - (-67 + (5 - ((-5 - -4) + 0))).
52
Calculate (17 - -17 - 17) + -9 + 15.
23
What is the value of (14 - (25 + 20)) + 6 + -29?
-54
What is the value of (62 - (74 - 25)) + -22?
-9
Evaluate -106 - ((-231 - 9) + 114).
20
-16 - (-45 - -14 - 12)
27
-4 + -32 + 18 + 0 + 8
-10
Calculate 82 - (-12 + -9 + 21 + (-7 - 5) - -7).
87
What is the value of -4 + -8 + (10 - -3) + -6 + (-16 - -123)?
102
What is the value of 166 + -176 + 88 + -12?
66
What is -63 + (-22 - -36 - -22) + -25?
-52
What is 1144 + -1051 + -52 + 6?
47
Evaluate -29 - (5 + 2 + (22 + (13 - 27) - 15)).
-29
Evaluate -40 + 1 + (280 - (333 + -38)).
-54
Calculate (118 - 10) + -204 + 201 + (-3 + -1 - 5).
96
What is the value of (0 + -8 + 2 - -11) + -6 - -3 - 55?
-53
Evaluate -1 - (-2 - ((-7 - (-14 + 6) - 10) + 1)).
-7
What is the value of 1 - -17 - (2 + -1) - (-7754 + 7759)?
12
1002 - 1004 - ((-26 - (2 - 4)) + 1)
21
What is (9 - 0) + (-1609 - -1576)?
-24
(-11 - -1) + (-25 - (39 - (35 + 6)))
-33
What is (7 - 127) + -18 + 68?
-70
Evaluate (50 - -9) + 629 + -648.
40
Evaluate (52 - 0) + (466 - 469) - (1 - -8) - -5.
45
18 - 81 - (-91 + -29)
57
What is 17 + (-83 - (-15 - 38))?
-13
Evaluate 71 + (-36 - (-73 + 12)) - 5.
91
What is the value of -52 + (11 - (42 + -36))?
-47
What is (1 - -43) + (-10 - -40) + 2 + -35?
41
What is the value of -277 + 238 - (1 + -58)?
18
Evaluate 45 - (81 - -2) - -18.
-20
What is -6833 + 6769 + 117 + 1?
54
Calculate (-28 - -50) + (29 - 22).
29
What is the value of -28 + -1 + 9 + (56 + -11 - 50) + -11?
-36
Calculate 5 + -110 + -3 + 8 + -7 + -23 + 31.
-99
What is (-3 - (6 - (-6 + 13))) + 17 + -28?
-13
What is (108 - 120) + 2 + (3 - -53) + -7?
39
What is -21 - (23 - -8) - -29?
-23
Calculate (-99 - -41 - -47 - -20) + 16.
25
-5 - (-19 - (-59 - -51)) - (-64 + 1)
69
-6 + 0 + 5 + (33 + -92 - -18)
-42
What is -25 - (-128 - (-6 - 13 - -8))?
92
-26 - -28 - ((3 - -28) + 5 + 7 + -14)
-27
-1 - -4 - (-2 + 9 - ((16 - -101) + -22))
91
(-35 - -44) + 16 + -23
2
Calculate (56 - (32 + 14)) + -55.
-45
What is the value of 61 + 69 + (-81 - 14)?
35
39 + 1 + -255 + 209 + (-48 - -2)
-52
What is the value of (6 - (76 + (-5 - -1))) + 230 + -214?
-50
What is the value of (-17 + 22 - (24 + -25)) + -6?
0
Calculate -6908 + 6767 - (-72 + 2).
-71
What is 13 + 1 + 14 + 53 + 47 + -1?
127
Evaluate (4 - -9) + -12 + 26 + -9 + 4 + -6.
16
-52 - (41 + -32 + -18)
-43
Evaluate -10063 + 10117 - (1 - 2 - -39).
16
(-13 + -13 + 17 - 16) + -54
-79
What is 11 - 9 - (-14 + 2 + 4 - 5)?
15
What is the value of 28 + -12 + -1 + (-30 - -58 - 19)?
24
28 + (-42 - -22) - -27
35
(-12 - (15 - -13)) + 24 - (-3 + 0)
-13
What is the value of -32 - (-2 + (-10 + -13 - -23) - (-5 - 2))?
-37
Evaluate 73 + (-227 - -31 - -118).
-5
What is the value of (-3 - 13) + 22 + 0 - (1 + 52)?
-47
Evaluate 590 - 551 - (5 - 1) - 3.
32
What is the value of 111 + -79 + (29 - 10 - 11)?
40
Calculate (-13 - 5) + -22 + -9 + 14 + 6.
-29
Calculate (63 + -48 - -47) + -5.
57
-58 + (-75 - -63) + 1 + 12 + (1 - -2)
-54
What is the value of (57 - 103) + 6 + (-4 - -5) + -17?
-56
Calculate (-62 - -76 - 47) + (16 - 2).
-19
What is (3 - -27) + 7 + 6 + -16 + -10?
17
What is (-65 - 2 - ((31 - 51 - -21) + -5)) + 15?
-48
(5 - (1 + 1 + -2)) + (147 - 184)
-32
Evaluate (397 - 502) + (11 - -55).
-39
Calculate (-446 - -531) + (4 - (0 + -2 + 0)).
91
10 - (1 - -8 - (541 + -546))
-4
(8 - 10) + (-2 + -8 - -16 - -7)
11
-8 - 88 - (-113 + 127) - (-18 + 3)
-95
What is (77 + 0 - (10 + (20 - 36))) + -26 + 27?
84
What is the value of (11 + -34 - -33) + 5 + -16?
-1
What is 10 - (-1 + 80 + (-103 - (-184 + 71)))?
-79
61 + (-131 + 51 - -21) - (1 + -49)
50
What is (26 - 29) + 4 + 1 + -59 + -16 + 7?
-66
What is -764 + 824 - (1 + 92)?
-33
What is -101 + (-9 - -16 - -1 - 7) - (10 + -22)?
-88
Evaluate -5 - (25 + -12 + 23 + -25).
-16
Evaluate (-12 - 6 - -6) + (-107 - -73).
-46
(45 - (-4 + 45)) + (1 + -3 + 3 - -44)
49
Calculate 5 + (-1 - -3) - (192 - (-54 - -198)).
-41
What is 6 + 4 + 22 + (0 - 8) + -7?
17
-10 - (13 - 14 - -73)
-82
What is 6 - (-43 - ((-12 - 4) + -4))?
29
(-2 - (6 - 1)) + (-17 + -21 - -27)
-18
What is 76 - (13 + (-7 - (-7 + 3)) - -10)?
56
-112 + 120 + -44 - -54
18
Calculate (38 - 14) + (-13 - 21) - ((-39 - -2) + -1).
28
(40 - 2) + (1812 - 1822)
28
Evaluate -35 - -94 - ((-1 - (-8 - -12)) + 7 + 1).
56
-2 + -3 - (7 - (-9 + 3 + -6) - 8)
-16
What is the value of -12 - 1 - (32 - ((-21 - -74) + 29))?
37
Calculate -44 + (30 - 27) - -6.
-35
Evaluate (-13 - (-15 - 2) - -8) + 18 - 13.
17
-2 - (-1 + -2) - 25 - (-21 + 24)
-27
Evaluate 61 + -20 + (5 - -7 - (-5 + 31)).
27
(14 - 9) + (457 - 450 - (1 - 99))
110
Evaluate 4 - 9 - (-14 - 0) - (10 + -87).
86
-52 - (-77 + 5 - -75)
-55
What is the value of (44 + -31 - 2) + -18?
-7
Evaluate 21 + -78 + -4 + 56.
-5
Evaluate 85 - 43 - 41 - (51 + -2).
-48
1 + (13 + (-17 - -8) + 9 - 6) - 46
-38
What is 124 - (177 - -41 - 95)?
1
Evaluate 110 - (-117 + 35 - -200).
-8
-68 - ((93 - 61) + -173)
73
Evaluate 14 + -2 - (-1 - (38 + -16) - 2).
37
What is 76 + -41 - (-3 - 11)?
49
What is the value of 372 + -410 + 1 + 63?
26
What is 115 + (29 - 121) + (0 - (-1 + 11)) - -90?
103
What is (13 - (6 - (-18 - (-11 + 2 - 1)))) + 41?
40
4 - (0 + -19) - -18 - -24
65
What is the value of -63 - (0 + (5 + -15 - (-7 + 8)))?
-52
Calculate (92 - 85) + (1 - 0) + 3 - 6 - 46.
-41
Evaluate -82 + (7 + 10 - 22) + -19.
-106
What is the value of 27 + -5 + (-2 - -8) + 34 + -39?
23
Evaluate 16 + 27 - (34 - (38 - 5)).
42
Evaluate (9 - -2) + (18 - (14 - -12)) + -106.
-103
What is the value of 44 - (-7 + 2 + 2 + 2 - -13)?
32
What is the value of 122 - (-21 + 48) - 49?
46
What is the value of 670 - -184 - 831 - (-125 + (-1 - -1))?
148
What is the value of (588 - 600 - (-36 + 2)) + (6 - 31)?
-3
W